{"id":51,"date":"2023-11-11T15:00:14","date_gmt":"2023-11-11T15:00:14","guid":{"rendered":"https:\/\/wp.idhsuisse.ch\/?page_id=51"},"modified":"2024-09-14T17:59:15","modified_gmt":"2024-09-14T17:59:15","slug":"contact","status":"publish","type":"page","link":"https:\/\/wp.idhsuisse.ch\/index.php\/contact\/","title":{"rendered":"Contact"},"content":{"rendered":"\t\t<div data-elementor-type=\"wp-page\" data-elementor-id=\"51\" class=\"elementor elementor-51\">\n\t\t\t\t<div class=\"elementor-element elementor-element-85b123d e-flex e-con-boxed e-con e-parent\" data-id=\"85b123d\" data-element_type=\"container\" data-settings=\"{&quot;background_background&quot;:&quot;gradient&quot;}\">\n\t\t\t\t\t<div class=\"e-con-inner\">\n\t\t\t\t<div class=\"elementor-element elementor-element-aaf740d elementor-widget elementor-widget-heading\" data-id=\"aaf740d\" data-element_type=\"widget\" data-widget_type=\"heading.default\">\n\t\t\t\t<div class=\"elementor-widget-container\">\n\t\t\t\t\t<h2 class=\"elementor-heading-title elementor-size-default\"><br>Contact<\/h2>\t\t\t\t<\/div>\n\t\t\t\t<\/div>\n\t\t<div class=\"elementor-element elementor-element-82d2b6b e-con-full e-flex e-con e-child\" data-id=\"82d2b6b\" data-element_type=\"container\">\n\t\t\t\t<div class=\"elementor-element elementor-element-b720d84 elementor-widget elementor-widget-text-editor\" data-id=\"b720d84\" data-element_type=\"widget\" data-widget_type=\"text-editor.default\">\n\t\t\t\t<div class=\"elementor-widget-container\">\n\t\t\t\t\t\t\t\t\t<p>Pour toute demande d\u2019information ou prise de contact, veuillez remplir le formulaire ci-dessous:<\/p>\t\t\t\t\t\t\t\t<\/div>\n\t\t\t\t<\/div>\n\t\t\t\t<\/div>\n\t\t\t\t\t<\/div>\n\t\t\t\t<\/div>\n\t\t<div class=\"elementor-element elementor-element-68db177 e-flex e-con-boxed e-con e-parent\" data-id=\"68db177\" data-element_type=\"container\" data-settings=\"{&quot;background_background&quot;:&quot;classic&quot;}\">\n\t\t\t\t\t<div class=\"e-con-inner\">\n\t\t\t\t<div class=\"elementor-element elementor-element-ba9e398 elementor-widget elementor-widget-content_form_contact\" data-id=\"ba9e398\" data-element_type=\"widget\" data-widget_type=\"content_form_contact.default\">\n\t\t\t\t<div class=\"elementor-widget-container\">\n\t\t\t\t\t<form action=\"https:\/\/wp.idhsuisse.ch\/wp-admin\/admin-post.php\" method=\"post\" name=\"content-form-ba9e398\" id=\"content-form-ba9e398\" class=\"ti-cf-module content-form content-form-contact content_form_contact\"><input type=\"hidden\" id=\"_wpnonce_contact\" name=\"_wpnonce_contact\" value=\"22cba848cc\" \/><input type=\"hidden\" name=\"_wp_http_referer\" value=\"\/index.php\/wp-json\/wp\/v2\/pages\/51\" \/><input type=\"hidden\" name=\"action\" value=\"content_form_submit\" \/><input type=\"hidden\" name=\"form-type\" value=\"contact\" \/><input type=\"hidden\" name=\"form-builder\" value=\"elementor\" \/><input type=\"hidden\" name=\"post-id\" value=\"51\" \/><input type=\"hidden\" name=\"form-id\" value=\"ba9e398\" \/><fieldset class=\"content-form-field-text elementor-column elementor-col-100\"><label for=\"data[ba9e398][name]\" >Nom<span class=\"required-mark\"> *<\/span><\/label><input type=\"text\" name=\"data[ba9e398][name]\" id=\"data[ba9e398][name]\" required=\"required\"  placeholder=\"Nom\"><\/fieldset><fieldset class=\"content-form-field-email elementor-column elementor-col-100\"><label for=\"data[ba9e398][email]\" >Email<span class=\"required-mark\"> *<\/span><\/label><input type=\"text\" name=\"data[ba9e398][email]\" id=\"data[ba9e398][email]\" required=\"required\"  placeholder=\"Email\"><\/fieldset><fieldset class=\"content-form-field-number elementor-column elementor-col-100\"><label for=\"data[ba9e398][phone]\" >Num\u00e9ro de t\u00e9l\u00e9phone<\/label><input type=\"text\" name=\"data[ba9e398][phone]\" id=\"data[ba9e398][phone]\"   placeholder=\"Num\u00e9ro de t\u00e9l\u00e9phone\"><\/fieldset><fieldset class=\"content-form-field-text elementor-column elementor-col-100\"><label for=\"data[ba9e398][sujet]\" >Sujet<\/label><input type=\"text\" name=\"data[ba9e398][sujet]\" id=\"data[ba9e398][sujet]\"   placeholder=\"Sujet\"><\/fieldset><fieldset class=\"content-form-field-textarea elementor-column elementor-col-100\"><label for=\"data[ba9e398][message]\" >Message<span class=\"required-mark\"> *<\/span><\/label><textarea name=\"data[ba9e398][message]\" id=\"data[ba9e398][message]\"  required=\"required\" placeholder=\"Message\" cols=\"30\" rows=\"5\"><\/textarea><\/fieldset><fieldset class=\"submit-form contact\"><button type=\"submit\" name=\"submit\"  value=\"submit-contact-ba9e398\" class=\"\">Submit<\/button><\/fieldset><\/form>\t\t\t\t<\/div>\n\t\t\t\t<\/div>\n\t\t\t\t\t<\/div>\n\t\t\t\t<\/div>\n\t\t<div class=\"elementor-element elementor-element-5d61740 e-flex e-con-boxed e-con e-parent\" data-id=\"5d61740\" data-element_type=\"container\">\n\t\t\t\t\t<div class=\"e-con-inner\">\n\t\t\t\t<div class=\"elementor-element elementor-element-80adc1d elementor-widget elementor-widget-text-editor\" data-id=\"80adc1d\" data-element_type=\"widget\" data-widget_type=\"text-editor.default\">\n\t\t\t\t<div class=\"elementor-widget-container\">\n\t\t\t\t\t\t\t\t\t<p><span style=\"font-weight: bold;\"><u>Email:<\/u>\u00a0<\/span>info@ihsuisse.ch<\/p>\t\t\t\t\t\t\t\t<\/div>\n\t\t\t\t<\/div>\n\t\t\t\t\t<\/div>\n\t\t\t\t<\/div>\n\t\t\t\t<\/div>\n\t\t","protected":false},"excerpt":{"rendered":"<p>Contact Pour toute demande d\u2019information ou prise de contact, veuillez remplir le formulaire ci-dessous: Nom * Email * Num\u00e9ro de t\u00e9l\u00e9phone Sujet Message * Submit Email:\u00a0info@ihsuisse.ch<\/p>\n","protected":false},"author":1,"featured_media":0,"parent":0,"menu_order":0,"comment_status":"closed","ping_status":"closed","template":"page-templates\/template-pagebuilder-full-width.php","meta":{"_eb_attr":"","footnotes":""},"class_list":["post-51","page","type-page","status-publish","hentry"],"_links":{"self":[{"href":"https:\/\/wp.idhsuisse.ch\/index.php\/wp-json\/wp\/v2\/pages\/51","targetHints":{"allow":["GET"]}}],"collection":[{"href":"https:\/\/wp.idhsuisse.ch\/index.php\/wp-json\/wp\/v2\/pages"}],"about":[{"href":"https:\/\/wp.idhsuisse.ch\/index.php\/wp-json\/wp\/v2\/types\/page"}],"author":[{"embeddable":true,"href":"https:\/\/wp.idhsuisse.ch\/index.php\/wp-json\/wp\/v2\/users\/1"}],"replies":[{"embeddable":true,"href":"https:\/\/wp.idhsuisse.ch\/index.php\/wp-json\/wp\/v2\/comments?post=51"}],"version-history":[{"count":33,"href":"https:\/\/wp.idhsuisse.ch\/index.php\/wp-json\/wp\/v2\/pages\/51\/revisions"}],"predecessor-version":[{"id":1769,"href":"https:\/\/wp.idhsuisse.ch\/index.php\/wp-json\/wp\/v2\/pages\/51\/revisions\/1769"}],"wp:attachment":[{"href":"https:\/\/wp.idhsuisse.ch\/index.php\/wp-json\/wp\/v2\/media?parent=51"}],"curies":[{"name":"wp","href":"https:\/\/api.w.org\/{rel}","templated":true}]}}